{"id":23,"date":"2026-03-11T10:16:42","date_gmt":"2026-03-11T10:16:42","guid":{"rendered":"https:\/\/bryzemu.blog\/?page_id=23"},"modified":"2026-03-11T10:16:45","modified_gmt":"2026-03-11T10:16:45","slug":"contactos-e-informacoes","status":"publish","type":"page","link":"https:\/\/bryzemu.blog\/?page_id=23","title":{"rendered":"Contactos e Informa\u00e7\u00f5es"},"content":{"rendered":"\n<p>\u00bb A nossa equipa de estafetas est\u00e1 pronta para recolher o seu pedido e lev\u00e1-lo com rapidez pelas ruas de Lisboa. Se \u00e9 um restaurante que procura um parceiro de confian\u00e7a ou um cliente com um pedido especial pode contactar nos atrav\u00e9s dos meios indicados abaixo.<\/p>\n\n\n\n<p>++++++++++++++++++++++++++++++++++++++++++++++++++++++++++++++++++++++++++++++++++<\/p>\n\n\n\n<p><strong>Hor\u00e1rio de Funcionamento<\/strong><\/p>\n\n\n\n<p>\u00bb Todos os dias da semana das 11:30 \u00e0s 23:30 incluindo feriados.<br>\u00bb Servi\u00e7o de apoio t\u00e9cnico dispon\u00edvel durante todo o hor\u00e1rio de entregas para resolver qualquer imprevisto.<\/p>\n\n\n\n<p>++++++++++++++++++++++++++++++++++++++++++++++++++++++++++++++++++++++++++++++++++<\/p>\n\n\n\n<p><strong>Canais de Comunica\u00e7\u00e3o<\/strong><\/p>\n\n\n\n<p>\u00bb Endere\u00e7o de correio eletr\u00f3nico: <strong>mail@bryzemu.blog<\/strong><br>\u00bb N\u00famero de contacto direto: <strong>+351-945-819-309<\/strong><\/p>\n\n\n\n<p>++++++++++++++++++++++++++++++++++++++++++++++++++++++++++++++++++++++++++++++++++<\/p>\n\n\n\n<p><strong>Nossa Base de Log\u00edstica<\/strong><\/p>\n\n\n\n<p>\u00bb Localiza\u00e7\u00e3o em Lisboa: <strong>Av. Alm. Reis 127C, 1150-015 Lisboa<\/strong><\/p>\n\n\n\n<p>++++++++++++++++++++++++++++++++++++++++++++++++++++++++++++++++++++++++++++++++++<\/p>\n\n\n\n<p>\u00bb Oferecemos uma resposta imediata para or\u00e7amentos de entregas empresariais ou eventos de grupo. Entre em contacto connosco e descubra a rapidez e a seguran\u00e7a que propomos para a sua log\u00edstica alimentar em Lisboa.<\/p>\n","protected":false},"excerpt":{"rendered":"<p>\u00bb A nossa equipa de estafetas est\u00e1 pronta para recolher o seu pedido e lev\u00e1-lo com rapidez pelas ruas de Lisboa. Se \u00e9 um restaurante que procura um parceiro de confian\u00e7a ou um cliente com um pedido especial pode contactar nos atrav\u00e9s dos meios indicados abaixo. ++++++++++++++++++++++++++++++++++++++++++++++++++++++++++++++++++++++++++++++++++ Hor\u00e1rio de Funcionamento \u00bb Todos os dias da &hellip; <a href=\"https:\/\/bryzemu.blog\/?page_id=23\" class=\"more-link\">Continuar a ler<span class=\"screen-reader-text\">Contactos e Informa\u00e7\u00f5es<\/span> <span class=\"meta-nav\">&rarr;<\/span><\/a><\/p>\n","protected":false},"author":1,"featured_media":0,"parent":0,"menu_order":5,"comment_status":"closed","ping_status":"closed","template":"","meta":{"footnotes":""},"class_list":["post-23","page","type-page","status-publish","hentry"],"_links":{"self":[{"href":"https:\/\/bryzemu.blog\/index.php?rest_route=\/wp\/v2\/pages\/23","targetHints":{"allow":["GET"]}}],"collection":[{"href":"https:\/\/bryzemu.blog\/index.php?rest_route=\/wp\/v2\/pages"}],"about":[{"href":"https:\/\/bryzemu.blog\/index.php?rest_route=\/wp\/v2\/types\/page"}],"author":[{"embeddable":true,"href":"https:\/\/bryzemu.blog\/index.php?rest_route=\/wp\/v2\/users\/1"}],"replies":[{"embeddable":true,"href":"https:\/\/bryzemu.blog\/index.php?rest_route=%2Fwp%2Fv2%2Fcomments&post=23"}],"version-history":[{"count":1,"href":"https:\/\/bryzemu.blog\/index.php?rest_route=\/wp\/v2\/pages\/23\/revisions"}],"predecessor-version":[{"id":24,"href":"https:\/\/bryzemu.blog\/index.php?rest_route=\/wp\/v2\/pages\/23\/revisions\/24"}],"wp:attachment":[{"href":"https:\/\/bryzemu.blog\/index.php?rest_route=%2Fwp%2Fv2%2Fmedia&parent=23"}],"curies":[{"name":"wp","href":"https:\/\/api.w.org\/{rel}","templated":true}]}}